, 3, 5
Suppose 0 = 5*v - 5 - 10. Suppose -3*a = -a - v*p - 11, -3*a - 2*p = -23. List the prime factors of a.
7
Let f = -8 - -14. Let l(r) = -r**2 + 8*r - 3. List the prime factors of l(f).
3
Let d(a) = 28*a + 9. What are the prime factors of d(3)?
3, 31
Let h(c) = c**2 + 37. Let d be h(0). List the prime factors of (-1)/4 + d/4.
3
Suppose -4*t + 90 = -6. What are the prime factors of t?
2, 3
Suppose 4*x = 4*k - 28 - 60, 5*k - 90 = x. What are the prime factors of k?
17
Let v(w) = 5*w**2 - 12*w + 3. Let t(o) = -11*o**2 + 25*o - 7. Let h(i) = 6*t(i) + 13*v(i). List the prime factors of h(-4).
5
Suppose -3*b + 6 + 12 = 0. Suppose -4*q = -0*q - 4, 3*q - b = -m. Suppose 2*j + 40 = m*x, -3*x + x = -j - 26. List the prime factors of x.
2, 3
Suppose 0 = -8*o + 4*o + 316. List the prime factors of o.
79
Let j be 1 - (1 + -2)*12. Suppose 5*r + j = -22. What are the prime factors of ((-2)/2)/(1/r)?
7
List the prime factors of (-181 - -7)*(-6)/9.
2, 29
Let x be (-1)/(10/(-4))*-5. Let l = 12 - x. Suppose -8 = -2*a + 3*k + 16, -5*a = 4*k - l. List the prime factors of a.
2, 3
Let v = -136 - -204. Suppose 5*s + u - 134 = 0, -4*u + v = s + s. What are the prime factors of s?
2, 13
Let k(d) = -d. Let z(w) = w**2 - 5*w - 8. Let a be z(6). Let b be k(a). Suppose 3*o - 26 = i + 3*i, b*o + i + 1 = 0. List the prime factors of o.
2
Let y(g) = 2*g**3 - 6*g**2 + 6*g - 4. Let b be y(4). Let t = b + -20. What are the prime factors of t?
2
Let i(j) = j**3 - 14*j**2 + 30*j - 5. What are the prime factors of i(12)?
67
Suppose -4*r + 20 = 0, 0 = -6*k + k - 2*r - 115. What are the prime factors of 2/(-4) + k/(-2)?
2, 3
Let m(d) = -d**3 + 3*d**2 + 3*d + 1. What are the prime factors of m(3)?
2, 5
Let o(i) = 7*i + 13. What are the prime factors of o(6)?
5, 11
Suppose 3*q - r + 2 - 3 = 0, q = r + 1. Let k be (-14 + q)/(0 + 2). What are the prime factors of 2/k + 204/28?
7
Let m = 5 + 4. Let j = -7 + m. List the prime factors of j.
2
Suppose -q = -3*q + 4. Let t be 7/(-14) + 51/q. Let g = t + -8. What are the prime factors of g?
17
Let g = 167 + -37. Suppose f + 4*f = g. List the prime factors of f.
2, 13
Let q be 130/6 - (-4)/(-6). Let x = -12 - 2. Let u = q + x. List the prime factors of u.
7
Suppose 0 = -s + 3*s - 4. What are the prime factors of s?
2
Suppose -2*z + 195 = 3*z. List the prime factors of z.
3, 13
Suppose 0 = -0*f - f. Suppose f = -2*i + 94 + 10. Suppose -7*v = -3*v - i. List the prime factors of v.
13
Let y be 168/18*(-6)/(-4). Suppose 3*i = 2*i + y. What are the prime factors of i?
2, 7
Let v = 92 + 107. List the prime factors of v.
199
Let w(a) = -5*a**2 - 13*a - 1. Let g(f) = -9*f**2 - 25*f - 3. Let s(j) = -6*g(j) + 11*w(j). What are the prime factors of s(7)?
7
List the prime factors of 9*(120/(-9))/(-2).
2, 3, 5
Suppose w + 5*v - 51 = 0, 5*w + 3*v = 4*v + 177. Let u = w - 14. What are the prime factors of u?
2, 11
Suppose -2*x + 256 = 4*l + 3*x, 0 = 3*l + 4*x - 192. List the prime factors of l.
2
Suppose -4*v - 73 = 67. Let i be (v/(-28))/(2/(-8)). Let j(r) = -r**3 - 4*r**2 + 2*r - 1. What are the prime factors of j(i)?
2, 7
Let s(b) = b**3 + 3*b**2 + 2*b + 1. Let i be s(-2). Let q(n) = 2 - 1 + i + 2*n**2 + 3*n + 0*n**2. List the prime factors of q(-2).
2
Suppose 0*u - 25 = -5*u. Suppose 0 = -z + u*r + 60, -15 = -2*z + 2*r + 65. List the prime factors of z.
5, 7
List the prime factors of (11/3 - (6 - 3))*453.
2, 151
Let s = 9 - 13. Let l = -2 - s. Let f = 10 + l. List the prime factors of f.
2, 3
Suppose 9 = o + 1. Suppose -24 - o = 4*q. Let w(k) = k**3 + 7*k**2 - 8*k + 3. List the prime factors of w(q).
3
Suppose 5*c - v + 63 = 2*v, -2*c + v = 25. What are the prime factors of 9/6*(-272)/c?
2, 17
Let f be 12/18*66/4. Suppose 81 = 4*u - f. List the prime factors of u.
23
Let s = 31 - -29. What are the prime factors of s?
2, 3, 5
Let z(m) = m - 8. Let l be z(8). Suppose l = d + 2. What are the prime factors of (1 - d)/(2/6)?
3
Let s be 12/10*10/3. Suppose c = -s*g - 3*c + 44, g - 2*c - 2 = 0. List the prime factors of g.
2
Let q be -1 - -3 - (3 + -1). Suppose 2*a = -q*a + 8. Suppose -a = r + 2*t, -21 = 2*r - 3*r + 3*t. List the prime factors of r.
2, 3
Let m be 30/(-40)*-1*20. Suppose 0 = -2*x + 5*i + 27, 3*i + 0*i = m. List the prime factors of x.
2, 13
Let d = -188 - -310. What are the prime factors of d?
2, 61
Let j(s) = -4*s + 1. Let r be j(2). List the prime factors of (-2)/(-4)*(-28)/r.
2
Suppose -4*t + 86 = 5*k - 70, 2*t = 8. What are the prime factors of k?
2, 7
Let j(n) = n - 3. Let m be j(5). Suppose -5 = -m*r + 5*a + 105, 3*a + 275 = 5*r. Suppose 5*c = 5*q + 15 - r, 2*c = -4. What are the prime factors of q?
2, 3
Suppose -202 = -2*u + 114. List the prime factors of u.
2, 79
Let h(q) = -q**3 + 5*q**2 - 2*q - 1. List the prime factors of h(2).
7
Let t(l) = -5*l**2 + 2*l. Let o be t(4). Let f be -1 + -1 - (-1 + o). Suppose -2*d + d + 7 = r, 5*r = 4*d + f. List the prime factors of r.
11
Suppose -3*l + 5*i = -l + 10, -l = -5*i + 10. Suppose n - 7 = -l*n. List the prime factors of n.
7
Suppose 892 - 37 = 9*p. What are the prime factors of p?
5, 19
Let h(g) = g + 6. Let u be h(-7). Let x = u - -17. What are the prime factors of x?
2
List the prime factors of ((-2)/4)/(17/(-2074)).
61
Let i(b) = -b**2 - 7*b - 1. Let z(o) = -o**2 + 4*o + 7. Let d be z(6). Let x be i(d). Let g = x - 2. List the prime factors of g.
7
Suppose 3*m = 4 + 2, 48 = -2*i - 4*m. Let a = i - -40. List the prime factors of a.
2, 3
Let r(a) = -5*a**2 + 1. Let z be r(1). Suppose 7*d + 15 = 2*d. List the prime factors of z/12 - 49/d.
2
Suppose -5*y + o + 170 = 6*o, 2*y = -3*o + 72. What are the prime factors of y?
2, 3, 5
Suppose -8*d + 24 = -5*d. What are the prime factors of d?
2
Suppose 0 = -5*b + 25, -5*z + 384 = b - 476. What are the prime factors of z?
3, 19
Suppose 5*i = -4*u - 0 + 10, 0 = -2*u + 2*i - 4. Suppose u*m - m + 15 = 0. List the prime factors of (m/2)/(5/10).
3, 5
Let w(o) = 4*o + 5. Suppose 0 = v + 2*v - 18. List the prime factors of w(v).
29
Suppose 2*m = -2*m + 12. Suppose m*t = 1 - 4. Let j = t + 3. What are the prime factors of j?
2
Let b = 4 + -10. Let g = -2 - b. Suppose -3*h - 7 = -g*h. List the prime factors of h.
7
Suppose 0 = -4*m + 2*m. Suppose m*u - 35 = -5*u. What are the prime factors of u/(2 + -1) + 0?
7
Suppose -p - 3 = 3. Let f = p - -4. List the prime factors of (-138)/(-15) + f/10.
3
Let m = 141 + 44. Suppose 5*q + 4*z = -z + m, 5*z + 87 = 3*q. Suppose 2*g = 4*g - q. List the prime factors of g.
17
Let w = 32 - 14. List the prime factors of w.
2, 3
Suppose 0*t - 2*t + 4 = 0. Suppose 0*k + t*k = 10. Suppose 4*y = 5*a - 57, -a - 54 = -k*a - y. List the prime factors of a.
13
Let k(u) = -6*u + 7. Let v be k(4). Let c = 42 + v. List the prime factors of c.
5
Suppose 49*z - 50*z = -52. What are the prime factors of z?
2, 13
Suppose 5*d = -5*x + 3*d + 1044, 5*x + 3*d = 1041. What are the prime factors of x?
2, 3, 5, 7
Suppose -6 = -5*x + 2*x. Suppose -x = g - 9. List the prime factors of g.
7
Let w = 1 - -9. Let j(m) = m**2 - 6*m - 7. What are the prime factors of j(w)?
3, 11
Suppose 0 = -4*h - h + 65. List the prime factors of h.
13
Suppose 0 = -2*a + 7*a + 50. Let o = 37 - a. List the prime factors of o.
47
Let v(s) = -4*s - 12. What are the prime factors of v(-7)?
2
Let w = 14 + -9. Suppose -3*r = -3, f = w*f + 3*r - 31. Let g = f - 4. What are the prime factors of g?
3
Suppose -2*t - 3*t + 10 = 0. Suppose -t*m + 22 + 20 = 0. What are the prime factors of m?
3, 7
Let g(f) = -f + 2. Let a be g(-4). Let y be a/2 - (-3)/(-3). Suppose h = -0*h - y*l + 21, 5*l - 14 = h. List the prime factors of h.
11
Let s = -16 - -2. Let a(z) = 4*z**2 - z + 2. Let c be a(-2). Let x = s + c. What are the prime factors of x?
2, 3
Let q = -2 - -52. Suppose 2*t - q = 4*u, 9*u = -2*t + 6*u + 22. What are the prime factors of t?
17
Suppose -2*q + 2*d = -20, 3*q + 0*d - 2*d = 33. Suppose 2*m = 7 + q. List the prime factors of m.
2, 5
Let n be -3*4*(-1)/6. Suppose 188 = 3*w + 5*h, 0*w + 5*w - 288 = -n*h. What are the prime factors of w?
2, 7
Let n be (-37 + 7)/(6/(-20)). List the prime factors of 5*5/(n/88).
2, 11
Let x = 435 + -286. List the prime factors of x.
149
Let o be (-14)/6 + (-5)/(-15). Let p = o - -7. What are the prime factors of p?
5
Let d = 8 - -5. What are 